{"id":3,"date":"2020-08-20T12:59:17","date_gmt":"2020-08-20T12:59:17","guid":{"rendered":"https:\/\/serwis-panasonic.pl\/?page_id=3"},"modified":"2021-06-14T20:49:26","modified_gmt":"2021-06-14T20:49:26","slug":"regulamin","status":"publish","type":"page","link":"https:\/\/serwis-panasonic.pl\/index.php\/regulamin\/","title":{"rendered":"Regulamin"},"content":{"rendered":"\t\t<div data-elementor-type=\"wp-page\" data-elementor-id=\"3\" class=\"elementor elementor-3\">\n\t\t\t\t\t\t<div class=\"elementor-inner\">\n\t\t\t\t<div class=\"elementor-section-wrap\">\n\t\t\t\t\t\t\t\t\t<section class=\"elementor-section elementor-top-section elementor-element elementor-element-3a031437 elementor-section-boxed elementor-section-height-default elementor-section-height-default\" data-id=\"3a031437\" data-element_type=\"section\">\n\t\t\t\t\t\t<div class=\"elementor-container elementor-column-gap-default\">\n\t\t\t\t\t\t\t<div class=\"elementor-row\">\n\t\t\t\t\t<div class=\"elementor-column elementor-col-100 elementor-top-column elementor-element elementor-element-3bfae2d3\" data-id=\"3bfae2d3\" data-element_type=\"column\">\n\t\t\t<div class=\"elementor-column-wrap elementor-element-populated\">\n\t\t\t\t\t\t\t<div class=\"elementor-widget-wrap\">\n\t\t\t\t\t\t<div class=\"elementor-element elementor-element-5bbd3f64 elementor-widget elementor-widget-text-editor\" data-id=\"5bbd3f64\" data-element_type=\"widget\" data-widget_type=\"text-editor.default\">\n\t\t\t\t<div class=\"elementor-widget-container\">\n\t\t\t\t\t\t\t\t<div class=\"elementor-text-editor elementor-clearfix\">\n\t\t\t\t<p><!-- wp:heading --><\/p>\n<h2><strong>Postanowienia wst\u0119pne<\/strong><\/h2>\n<p><!-- \/wp:heading --><!-- wp:paragraph --><\/p>\n<p><!-- \/wp:paragraph --><!-- wp:paragraph --><\/p>\n<ul>\n<li><b>Serwis W&amp;W <\/b>\u00a0posiada witryn\u0119 internetow\u0105 wraz\u00a0 ze sklepem internetowym, dost\u0119pnym pod adresem internetowym <strong>https:\/\/serwis-panasonic.pl<\/strong>, kt\u00f3rego w\u0142a\u015bcicielem jest <strong>Grzegorz Wito\u0144<\/strong>, prowadz\u0105cy dzia\u0142alno\u015b\u0107 gospodarcz\u0105 pod nazw\u0105 <strong>W&amp;W Przedsi\u0119biorstwo Wielobran\u017cowe Grzegorz Wito\u0144, <\/strong>wpisan\u0105 do Centralnej Ewidencji o Informacji o Dzia\u0142alno\u015bci Gospodarczej, prowadzonej przez Ministra Rozwoju, Pracy i Technologii.<\/li>\n<li>Niniejszy regulamin okre\u015bla zasady i warunki zawierania i rozwi\u0105zywania Um\u00f3w Sprzeda\u017cy z Konsumentem oraz kontrahentami, zwanymi dalej Klientami, z wykorzystaniem us\u0142ug \u015bwiadczonych w ramach Sklepu.<\/li>\n<li>Niniejszy regulamin okre\u015bla\u00a0zasady post\u0119powania reklamacyjnego, a tak\u017ce zasady korzystania z us\u0142ug \u015bwiadczonych drog\u0105 elektroniczn\u0105.<\/li>\n<\/ul>\n<p><!-- \/wp:paragraph --><!-- wp:paragraph --><\/p>\n<h2><strong>Definicje<\/strong><\/h2>\n<ul>\n<li><strong>Konsument<\/strong>\u00a0\u2013 osoba fizyczna, kt\u00f3ra zawiera ze Sprzedawc\u0105 umow\u0119 w ramach Sklepu, niezwi\u0105zan\u0105 bezpo\u015brednio z jej dzia\u0142alno\u015bci\u0105 gospodarcz\u0105 lub zawodow\u0105.<\/li>\n<li><strong>Sprzedawca<\/strong> \u2013 W&amp;W Przedsi\u0119biorstwo Wielobran\u017cowe Grzegorz Wito\u0144 z siedzib\u0105 w \u0141odzi przy ul. Rokici\u0144skiej 142, kod pocztowy 92-412, NIP 726-003-82-56, REGON 470015902.<\/li>\n<li><strong>Klient<\/strong>\u00a0\u2013 ka\u017cdy podmiot dokonuj\u0105cy zakup\u00f3w za po\u015brednictwem Sklepu.<\/li>\n<li><strong>Sklep<\/strong> \u2013 sklep internetowy prowadzony przez Sprzedawc\u0119 pod adresem internetowym https:\/\/serwis-panasonic.pl.<\/li>\n<li><strong>Umowa zawarta na odleg\u0142o\u015b\u0107<\/strong>\u00a0\u2013 umowa zawarta z Klientem na odleg\u0142o\u015b\u0107 (w ramach Sklepu), bez jednoczesnej fizycznej obecno\u015bci stron, z wy\u0142\u0105cznym wykorzystaniem jednego lub wi\u0119kszej liczby \u015brodk\u00f3w porozumiewania si\u0119 na odleg\u0142o\u015b\u0107 do chwili zawarcia umowy w\u0142\u0105cznie.<\/li>\n<li><strong>Regulamin<\/strong>\u00a0\u2013 niniejszy regulamin Sklepu.<\/li>\n<li><strong>Zam\u00f3wienie<\/strong>\u00a0\u2013 o\u015bwiadczenie woli Klienta sk\u0142adane za pomoc\u0105 Formularza Zam\u00f3wienia i zmierzaj\u0105ce bezpo\u015brednio do zawarcia Umowy Sprzeda\u017cy Produktu lub Produkt\u00f3w ze Sprzedawc\u0105.<\/li>\n<li><strong>Formularz zam\u00f3wienia<\/strong>\u00a0\u2013 interaktywny formularz dost\u0119pny w Sklepie umo\u017cliwiaj\u0105cy z\u0142o\u017cenie Zam\u00f3wienia.<\/li>\n<li><strong>Produkt<\/strong>\u00a0\u2013 dost\u0119pny w Sklepie towar lub us\u0142uga b\u0119d\u0105ca przedmiotem Umowy Sprzeda\u017cy mi\u0119dzy Klientem a Sprzedawc\u0105.<\/li>\n<li><strong>Umowa Sprzeda\u017cy<\/strong>\u00a0\u2013 umowa sprzeda\u017cy Produktu zawierana albo zawarta mi\u0119dzy Klientem a Sprzedawc\u0105 za po\u015brednictwem Sklepu internetowego.<\/li>\n<\/ul>\n<p><!-- \/wp:paragraph --><!-- wp:heading --><\/p>\n<h2><strong>Kontakt ze Sklepem<\/strong><\/h2>\n<p><!-- \/wp:heading --><!-- wp:paragraph --><\/p>\n<ul>\n<li>Adres Sprzedawcy:\u00a0<strong>ul. Piotrkowska 235\/241, 90-456 \u0141\u00f3d\u017a<\/strong><\/li>\n<li>Adres e-mail Sprzedawcy: <strong>serwispiotrkowska@wandw.com.pl<\/strong><\/li>\n<li>Numer telefonu Sprzedawcy:\u00a0<strong>(0-42) 632 03 37<\/strong><\/li>\n<li>Numer rachunku bankowego Sprzedawcy:<br \/><strong>52 1050 1461 1000 0023 6191 4167 EUR<\/strong><br \/><strong>32 1050 1461 1000 0024 0226 2550 PLN\u00a0<\/strong><\/li>\n<li>Klient mo\u017ce porozumiewa\u0107 si\u0119 ze Sprzedawc\u0105 za pomoc\u0105 adres\u00f3w i numer\u00f3w telefon\u00f3w podanych w niniejszym paragrafie.<\/li>\n<li>Klient mo\u017ce porozumiewa\u0107 si\u0119 telefonicznie ze Sprzedawc\u0105 w godzinach\u00a0<strong>9:00 \u2013 17:00<\/strong>\u00a0od poniedzia\u0142ku do pi\u0105tku.<\/li>\n<\/ul>\n<p><!-- \/wp:paragraph --><!-- wp:heading --><\/p>\n<h2><strong>Informacje og\u00f3lne<\/strong><\/h2>\n<p><!-- \/wp:heading --><!-- wp:paragraph --><\/p>\n<ul>\n<li>Ceny podane w Sklepie s\u0105 wyra\u017cone w polskiej walucie i s\u0105 cenami brutto (uwzgl\u0119dniaj\u0105 podatek VAT) lub innych wybranych walutach.<\/li>\n<li>Na ostateczn\u0105 kwot\u0119 do zap\u0142aty przez Klienta sk\u0142ada si\u0119 cena za Produkt oraz koszt dostawy (w tym op\u0142aty za transport, dostarczenie i us\u0142ugi pocztowe), o kt\u00f3rej Klient jest informowany na stronach Sklepu w trakcie sk\u0142adania Zam\u00f3wienia,<br \/>w tym tak\u017ce w chwili wyra\u017cenia woli zwi\u0105zania si\u0119 Umow\u0105 Sprzeda\u017cy.<\/li>\n<li>Us\u0142ugi \u015bwiadczone drog\u0105 elektroniczn\u0105 umo\u017cliwiaj\u0105 Klientowi nieodp\u0142atne korzystanie ze Sklepu, a tak\u017ce dokonywanie zakup\u00f3w za po\u015brednictwem strony internetowej Sklepu.<\/li>\n<li>Sprzedawca umo\u017cliwia Klientowi za\u0142o\u017cenie konta u\u017cytkownika na stronie internetowej Sklepu, do kt\u00f3rego w ka\u017cdej chwili ma mo\u017cliwo\u015b\u0107 wgl\u0105du i aktualizowania danych, a tak\u017ce prawo do usuwania konta bez \u017cadnych konsekwencji.<\/li>\n<\/ul>\n<h2>Cennik<\/h2>\n<ul>\n<li>Serwis \u015bwiadczy us\u0142ugi napraw aparat\u00f3w cyfrowych marki Panasonic. Ka\u017cdorazowo us\u0142uga jest indywidualnie wyceniana i przedstawiona klientowi do akceptacji.<\/li>\n<li>Klient mo\u017ce wycen\u0119 zaakceptowa\u0107.<\/li>\n<li>Mo\u017ce odrzuci\u0107 i za\u017c\u0105da\u0107 zwrotu sprz\u0119tu. W tym przypadku ponosi tylko koszty przesy\u0142ki kurierskiej.<\/li>\n<li>Mo\u017ce odrzuci\u0107 wycen\u0119 i pozostawi\u0107 sprz\u0119t do utylizacji. W takim przypadku nie poniesie \u017cadnych koszt\u00f3w.<\/li>\n<\/ul>\n<h2><strong>Informacja o mo\u017cliwych formach p\u0142atno\u015bci<\/strong><\/h2>\n<ul>\n<li><em>Klient mo\u017ce wybra\u0107 nast\u0119puj\u0105ce formy p\u0142atno\u015bci za zam\u00f3wione Towary:<\/em><\/li>\n<li><em> karta<\/em><em> p\u0142atnicza.<\/em><\/li>\n<li><em> przelew elektroniczny poprzez zewn\u0119trzny system p\u0142atno\u015bci imoje, obs\u0142ugiwany przez firm\u0119 ING Bank \u015al\u0105ski S.A. z siedzib\u0105 w Katowicach.<\/em><\/li>\n<li>P\u0142atno\u015bci b\u0119d\u0105 przyjmowane za pomoc\u0105 link\u00f3w p\u0142atniczych.<\/li>\n<\/ul>\n<p><!-- \/wp:paragraph --><!-- wp:heading --><\/p>\n<h2><strong>Procedura zawarcia Umowy Sprzeda\u017cy<\/strong><\/h2>\n<p><!-- \/wp:heading --><!-- wp:paragraph --><\/p>\n<ul>\n<li>W celu zawarcia Umowy Sprzeda\u017cy za po\u015brednictwem Sklepu nale\u017cy wej\u015b\u0107 na adres strony internetowej Sklepu i z\u0142o\u017cy\u0107 zapytanie ofertowe wype\u0142niaj\u0105c formularz zam\u00f3wienia.<\/li>\n<li>Cen\u0105 wi\u0105\u017c\u0105c\u0105 i ostateczn\u0105 jest cena z chwili z\u0142o\u017cenia zam\u00f3wienia przez Klienta.<\/li>\n<li>P\u0142atno\u015b\u0107 za zam\u00f3wiony towar mo\u017ce by\u0107 dokonana w formach p\u0142atno\u015bci mo\u017cliwych do wyboru w formularzu zam\u00f3wienia.<\/li>\n<\/ul>\n<h2><strong>Prawo odst\u0105pienia od umowy<\/strong><\/h2>\n<ul>\n<li>Konsument ma prawo do odst\u0105pienia od Umowy bez podania przyczyny, sk\u0142adaj\u0105c stosowne o\u015bwiadczenie w terminie 14 dni wysy\u0142aj\u0105c je na adres podany w niniejszym Regulaminie.<\/li>\n<li>Termin 14-dniowy liczy si\u0119 od dnia, w kt\u00f3rym nast\u0105pi\u0142o dostarczenie Produktu. Termin zostanie zachowany, je\u017celi Konsument ode\u015ble Produkt przed up\u0142ywem terminu 14 dni.<\/li>\n<li>Skutki odst\u0105pienia od Umowy:\n<p>a. W przypadku odst\u0105pienia od Umowy Sprzedawca zwraca Konsumentowi niezw\u0142ocznie, nie p\u00f3\u017aniej ni\u017c w terminie 14 dni od otrzymania o\u015bwiadczenia Konsumenta o odst\u0105pieniu od Umowy, dokonane przez niego p\u0142atno\u015bci, z wyj\u0105tkiem koszt\u00f3w dostawy.<\/p>\n<p>b. Zwrotu p\u0142atno\u015bci Sprzedawca dokona przy u\u017cyciu takich samych metod p\u0142atno\u015bci, jakie zosta\u0142y przez Konsumenta u\u017cyte w pierwotnej transakcji, chyba \u017ce Konsument wyra\u017anie zgodzi\u0142 si\u0119 na inne rozwi\u0105zanie.<\/p>\n<p>c. Sprzedawca mo\u017ce wstrzyma\u0107 si\u0119 ze zwrotem p\u0142atno\u015bci do czasu otrzymania Produktu z powrotem lub do czasu dostarczenia mu dowodu jego odes\u0142ania.<\/p>\n<\/li>\n<\/ul>\n<h2><strong>Reklamacja<\/strong><\/h2>\n<ul>\n<li>Umow\u0105 Sprzeda\u017cy obj\u0119te s\u0105 nowe Produkty, chyba \u017ce na stronie Produktu zaznaczono inaczej.<\/li>\n<li>Sprzedawca jest zobowi\u0105zany dostarczy\u0107 Klientowi rzecz woln\u0105 od wad.<\/li>\n<li>W przypadku wyst\u0105pienia wady zakupionego u Sprzedawcy Produktu, Klient ma prawo do reklamacji w oparciu o przepisy dotycz\u0105ce r\u0119kojmi w kodeksie cywilnym.<\/li>\n<li>Reklamacj\u0119 nale\u017cy zg\u0142osi\u0107 pisemnie lub drog\u0105 elektroniczn\u0105 na podane w niniejszym Regulaminie adresy Sprzedawcy.<\/li>\n<li>Zaleca si\u0119, aby w reklamacji zawrze\u0107 m.in. zwi\u0119z\u0142y opis wady, okoliczno\u015bci<br \/>(w tym dat\u0119) jej wyst\u0105pienia, dane Klienta sk\u0142adaj\u0105cego reklamacj\u0119, w tym dane kontaktowe, oraz \u017c\u0105danie Klienta w zwi\u0105zku z wad\u0105 towaru.<\/li>\n<li>Sprzedawca ustosunkuje si\u0119 do \u017c\u0105dania reklamacyjnego niezw\u0142ocznie, nie p\u00f3\u017aniej ni\u017c w terminie 14 dni.<\/li>\n<li>Towary odsy\u0142ane w ramach procedury reklamacyjnej nale\u017cy wysy\u0142a\u0107 na adres sprzedawcy.<\/li>\n<\/ul>\n<h2><strong>Dane osobowe<\/strong><\/h2>\n<ul>\n<li>Administratorem danych osobowych Klient\u00f3w gromadzonych za po\u015brednictwem Sklepu jest Sprzedawca.<\/li>\n<li>Dane osobowe Klient\u00f3w zbierane przez administratora za po\u015brednictwem Sklepu zbierane s\u0105 w celu realizacji Umowy Sprzeda\u017cy.<\/li>\n<li>Odbiorcami danych osobowych Klient\u00f3w Sklepu mog\u0105 by\u0107 wybrane Przewo\u017aniki lub po\u015brednicy realizuj\u0105cy przesy\u0142ki na zlecenie Administratora, a tak\u017ce wybrany\u00a0 podmiot obs\u0142uguj\u0105cy wybrane metody p\u0142atno\u015bci .<\/li>\n<li>Klient ma prawo dost\u0119pu do tre\u015bci swoich danych, a tak\u017ce prawo do ich zmiany lub usuni\u0119cia.<\/li>\n<li>Podanie danych osobowych Klienta jest dobrowolne, jednak\u017ce niezb\u0119dne do realizacji Umowy Sprzeda\u017cy.<\/li>\n<\/ul>\n<h2><strong>Postanowienia ko\u0144cowe<\/strong><\/h2>\n<ul>\n<li>Umowy zawierane poprzez Sklep internetowy zawierane s\u0105 w j\u0119zyku polskim lub innym wybranym.<\/li>\n<li>Sprzedawca zastrzega sobie prawo do dokonywania zmian Regulaminu z wa\u017cnych przyczyn to jest: zmiany przepis\u00f3w prawa, zmiany sposob\u00f3w p\u0142atno\u015bci i dostaw.<\/li>\n<li>Kwestie sporne, kt\u00f3re mog\u0105 zaistnie\u0107 w trakcie korzystania z us\u0142ug Sklepu, strony zobowi\u0105zuj\u0105 si\u0119 rozwi\u0105zywa\u0107 polubownie, a w razie nieosi\u0105gni\u0119cia porozumienia poddaj\u0105 si\u0119 rozstrzygni\u0119ciom s\u0105du powszechnego w\u0142a\u015bciwego dla siedziby Sprzedawcy.<\/li>\n<li>Postanowienia niniejszego Regulaminu nie maj\u0105 na celu naruszenia jakichkolwiek praw Klienta, wynikaj\u0105cych z przepis\u00f3w prawa.<\/li>\n<\/ul>\n<p><!-- \/wp:paragraph --><\/p>\t\t\t\t\t<\/div>\n\t\t\t\t\t\t<\/div>\n\t\t\t\t<\/div>\n\t\t\t\t\t\t<\/div>\n\t\t\t\t\t<\/div>\n\t\t<\/div>\n\t\t\t\t\t\t\t\t<\/div>\n\t\t\t\t\t<\/div>\n\t\t<\/section>\n\t\t\t\t\t\t\t\t\t<\/div>\n\t\t\t<\/div>\n\t\t\t\t\t<\/div>\n\t\t","protected":false},"excerpt":{"rendered":"<p>Postanowienia wst\u0119pne Serwis W&amp;W \u00a0posiada witryn\u0119 internetow\u0105 wraz\u00a0 ze sklepem internetowym, dost\u0119pnym pod adresem internetowym https:\/\/serwis-panasonic.pl, kt\u00f3rego w\u0142a\u015bcicielem jest Grzegorz Wito\u0144, prowadz\u0105cy dzia\u0142alno\u015b\u0107 gospodarcz\u0105 pod nazw\u0105 W&amp;W Przedsi\u0119biorstwo Wielobran\u017cowe Grzegorz Wito\u0144, wpisan\u0105 do Centralnej Ewidencji o Informacji o Dzia\u0142alno\u015bci Gospodarczej, prowadzonej przez Ministra Rozwoju, Pracy i Technologii. Niniejszy regulamin okre\u015bla zasady i warunki zawierania i &hellip;<\/p>\n<p class=\"read-more\"> <a class=\"\" href=\"https:\/\/serwis-panasonic.pl\/index.php\/regulamin\/\"> <span class=\"screen-reader-text\">Regulamin<\/span> Read More &raquo;<\/a><\/p>\n","protected":false},"author":1,"featured_media":0,"parent":0,"menu_order":0,"comment_status":"closed","ping_status":"closed","template":"","meta":[],"aioseo_notices":[],"_links":{"self":[{"href":"https:\/\/serwis-panasonic.pl\/index.php\/wp-json\/wp\/v2\/pages\/3"}],"collection":[{"href":"https:\/\/serwis-panasonic.pl\/index.php\/wp-json\/wp\/v2\/pages"}],"about":[{"href":"https:\/\/serwis-panasonic.pl\/index.php\/wp-json\/wp\/v2\/types\/page"}],"author":[{"embeddable":true,"href":"https:\/\/serwis-panasonic.pl\/index.php\/wp-json\/wp\/v2\/users\/1"}],"replies":[{"embeddable":true,"href":"https:\/\/serwis-panasonic.pl\/index.php\/wp-json\/wp\/v2\/comments?post=3"}],"version-history":[{"count":46,"href":"https:\/\/serwis-panasonic.pl\/index.php\/wp-json\/wp\/v2\/pages\/3\/revisions"}],"predecessor-version":[{"id":929,"href":"https:\/\/serwis-panasonic.pl\/index.php\/wp-json\/wp\/v2\/pages\/3\/revisions\/929"}],"wp:attachment":[{"href":"https:\/\/serwis-panasonic.pl\/index.php\/wp-json\/wp\/v2\/media?parent=3"}],"curies":[{"name":"wp","href":"https:\/\/api.w.org\/{rel}","templated":true}]}}